uppose 2*v = -v + q. Suppose 0 = 3*g + k - 75, 33 = g + k + 2*k. What is the highest common factor of v and g?
24
Let j(n) = n**2 + n + 14. Let p be j(0). Calculate the highest common factor of 7 and p.
7
Suppose 0 = 5*y - 1798 - 1062. Calculate the greatest common factor of 52 and y.
52
Let c be (4/5)/(1/5). Suppose 2*b - 20 = -3*m + 38, b + c*m - 29 = 0. Suppose -5*i + b = -26. Calculate the greatest common factor of i and 88.
11
Suppose -s - 34 = -3*s. Let z = 56 - s. What is the highest common factor of z and 13?
13
Suppose 0*a - 30 = -2*a. Suppose -w - 19 = -2*w - 3*k, a = 3*w - 5*k. What is the greatest common divisor of 10 and w?
10
Suppose -1 + 31 = 5*k. What is the highest common divisor of 3 and k?
3
Let r = 5 - 0. Suppose -r + 2 = -3*h. What is the highest common factor of h and 1?
1
Let j be (0 - 25)*(4 - 18). Suppose -4*s = s - j. Calculate the highest common divisor of s and 14.
14
Suppose -2*g - 2*y + 46 = 0, -4*g = -3*y - 1 - 112. Calculate the highest common divisor of g and 234.
26
Suppose -2*p = d + 4*d - 126, d + p - 27 = 0. Let l = 0 - -3. Suppose l*i + 141 = 4*r, 0 = -r - 5*i - 0*i + 41. What is the highest common factor of d and r?
12
Let a(z) = 3*z - 1. Let x be a(1). Suppose -4 = -x*i + 12. Calculate the greatest common divisor of i and 24.
8
Let s = -4 + 9. Suppose s*n = 153 + 47. What is the greatest common factor of 8 and n?
8
Let p be ((-4)/10)/((-2)/80). Let j be (3/(-2))/((-18)/1392). Let h = j + -76. What is the highest common factor of h and p?
8
Let x(j) = -2*j**2 + 10*j - 1. Let d be x(4). What is the highest common divisor of 28 and d?
7
Suppose -4*r - r - 30 = 0. Let m = 91 + r. What is the greatest common factor of 17 and m?
17
Suppose o = -2*o. Suppose o*l + l - 20 = 0. Let m be (27/(-2))/((-9)/120). Calculate the greatest common divisor of m and l.
20
Let o be 7/8 + -1 + 715/88. Calculate the highest common factor of 4 and o.
4
Let p be 60/3*44/8. Calculate the greatest common divisor of 44 and p.
22
Suppose 2*r + 3*r - 15 = 0. Let h be 10/(-18)*-3*r. Suppose -4*j = -10 - 10. Calculate the greatest common factor of j and h.
5
Let j be ((-8)/5)/((-14)/385). Suppose -4*o + 330 = -o. Calculate the highest common factor of j and o.
22
Suppose 0 = 4*o + 2*q - 6, -3*o - 2*o + 11 = -q. Let c(a) = -a**2 + 12*a - 13. Let i = 13 + -4. Let g be c(i). Calculate the highest common divisor of g and o.
2
Let w(k) = k**2 - 2. Let c be w(-3). Let s(u) = 7 - 3 - c*u - u**2 + 0*u. Let v be s(-7). What is the greatest common divisor of 1 and v?
1
Let p = 12 + -1. What is the highest common factor of p and 55?
11
Let c = -11 + 5. Let d be 13/3 - 4/c. What is the highest common factor of 10 and d?
5
Suppose -402 + 2227 = 5*t. Suppose -5*k - 355 = -4*j, -j = -5*j - 5*k + t. Suppose 5*g = g + 40. Calculate the highest common divisor of j and g.
10
Suppose -2*f - 13 = -5. Let t be (f/6)/(6/(-9)). Calculate the greatest common divisor of t and 1.
1
Suppose 3 = -3*r - 24. Let u = r - -18. What is the greatest common divisor of u and 72?
9
Let p(r) = r**2 - 3. Let t be p(-2). Let z be (-2 + 7 + -1)/2. Suppose z*d - t = 1. Calculate the highest common divisor of d and 9.
1
Let j(q) = -q**2 - 11*q - 9. Let z be j(-10). What is the highest common divisor of z and 3?
1
Let b(z) = z**3 - 19*z**2 + 18*z + 3. Let v be b(18). What is the greatest common factor of 33 and v?
3
Suppose -12*y + 7*y = -95. Calculate the greatest common divisor of y and 133.
19
Let l be 84/8*(2 + 0). Let f be (2 - 15/9)*l. Let m = f - 4. Calculate the highest common factor of m and 6.
3
Suppose -3*p + 2*w + 10 = 0, 4*w + 14 = 4*p + 2. Suppose -2*s + 28 = -5*r, 3*s - 112 = -s - p*r. What is the greatest common divisor of s and 16?
8
Let f be 2/(-7) + 121/7. Let i(b) = 30*b - 22. Let y be i(3). What is the highest common divisor of y and f?
17
Suppose 0 = 4*f, 5*p - 4*f - 8 - 52 = 0. Let y = p + -4. Let o = -12 + 44. Calculate the greatest common factor of y and o.
8
Let y = -28 + 33. Calculate the greatest common factor of y and 65.
5
Suppose -2*u + 3*l = 11, 29 = 4*u - 2*u + 5*l. Suppose 0 = -k - u*k + 165. Calculate the highest common divisor of 11 and k.
11
Let p be -2*-2*(-2)/8. Let j be 2 + 1*(11 - p). Calculate the highest common divisor of j and 112.
14
Let i be (-4)/14 + (-2)/(-7). Suppose i*d = -d. Suppose d = -2*q - q + 57. What is the greatest common factor of 171 and q?
19
Let j be (10/(-8))/((-2)/8). Suppose -j*i - 2 = 3*c, 0 = 2*i + c + 2*c - 1. Let h be 10/(2 + 0) - i. Calculate the highest common divisor of h and 30.
6
Let a = 1237 + -665. Calculate the highest common divisor of 52 and a.
52
Let v(q) = q**2 + 18*q - 27. Let o be v(-21). What is the greatest common factor of 24 and o?
12
Let c be -4*-1*(-14)/(-4). Let o = 303 - 177. What is the greatest common divisor of c and o?
14
Let h(c) = c**3 - 6*c**2 + c + 7. Let b be h(6). Let q(s) = 16*s + 8. Let r be q(6). What is the highest common factor of r and b?
13
Suppose -2*m + 768 = -4*f - 632, 4*f = 5*m - 3506. Let c be m/42 - (-2)/7. What is the highest common factor of 17 and c?
17
Let w(r) = -r**3 + 8*r**2 - 5*r + 2. Suppose -2*m + 2*d = -5*m + 23, 4*m + 2*d - 30 = 0. Let x be w(m). What is the greatest common divisor of 128 and x?
16
Let g be 6*(5 - 8)/(-6)*3. Let h be (-886)/(-14) - (-4)/(-14). Calculate the highest common divisor of g and h.
9
Suppose 2*k = -6, 5*k = -0*m + m - 19. Suppose 3*h + 4*z - 2 = 5*h, -h - m*z = -11. Suppose 0 = -5*c + h + 7. What is the greatest common factor of c and 22?
2
Suppose 0 = -2*h - h + 3. Let r = h + -13. Let y be (0 - 105/r)*4. Calculate the greatest common divisor of y and 14.
7
Let h(u) = u**2 + 7*u - 9. Let b be h(-8). Let k = -10 - b. Let a = 21 + k. What is the highest common divisor of 24 and a?
12
Let c(y) = 168*y**3 + y**2 + 3*y - 3. Let i be c(1). Calculate the highest common divisor of i and 13.
13
Suppose 0 = -2*d - 2, 0 = 4*s + 3*d + 4 + 3. Let j = -3 - -10. Let u = s + j. Calculate the greatest common divisor of u and 15.
3
Let q be (-3 - -1)*2*20. Let s = 125 + q. What is the greatest common factor of 5 and s?
5
Suppose 0 = -8*n + 43 + 117. Calculate the greatest common factor of 8 and n.
4
Suppose 0 = 4*j + 3*n - 134, j + 3*n - 38 = -0*j. Suppose 2*g - 10 = -2. What is the highest common divisor of g and j?
4
Let q(h) = h**3 + 9*h**2 + 8*h - 2. Let b be q(-8). Let a be 6/4 - 1/b. Suppose -20 = -a*f + 20. Calculate the greatest common factor of 30 and f.
10
Suppose -15*r - 148 = -19*r. Calculate the greatest common divisor of 185 and r.
37
Let q = -21 + 34. What is the highest common factor of 52 and q?
13
Let c be (-1778)/(-70) - 6/(-10). Suppose -3*o = 5*j - o - 329, 3*o - 71 = -j. What is the greatest common factor of j and c?
13
Let q = -5 - -59. What is the highest common divisor of q and 36?
18
Suppose 4*x + l + 190 = 0, 5*x + 5*l - 2*l = -234. Let v = x + 108. What is the greatest common factor of v and 20?
20
Let q be (5 - 2) + (85 - (-5 - -5)). What is the greatest common factor of q and 16?
8
Let y be (-40)/(-18) + 8/(-36). Suppose -5 + 47 = 3*l. What is the highest common divisor of y and l?
2
Let r(n) = -9*n**3 - n**2 + n + 1. Let a be r(-1). Calculate the highest common factor of a and 20.
4
Let i(f) = 78*f - 3. Let x be i(3). Let k = -35 + 11. Let b = k + 45. What is the highest common factor of x and b?
21
Let c be 52/12 + (-30)/(-18). What is the greatest common divisor of c and 30?
6
Suppose -22 = 3*w - b + 6*b, b = 3*w - 8. Let i = -2 + 13. Let a be (0 - i)*-1*w. What is the highest common divisor of a and 121?
11
Let m(q) be the first derivative of -q**2/2 - 18*q + 1. Let l be m(0). Let b be (3/6)/((-1)/l). Calculate the greatest common divisor of 72 and b.
9
Let k = -21 - -15. Let m = -2 - k. Let c = -1 - -3. What is the greatest common factor of m and c?
2
Let q be (-392)/(-6)*9/6. Let w be q + -2 + 5 + -1. Calculate the highest common factor of 20 and w.
20
Let z be ((-120)/(-8 + 4))/1. What is the greatest common divisor of z and 10?
10
Suppose 4*t - 4*l - 165 = 23, 25 = 5*l. Calculate the greatest common divisor of t and 39.
13
Let b be 10*6/(-12)*(-9)/5. Calculate the highest common divisor of b and 171.
9
Let l be 1*(2 - 10*-16). Calculate the highest common divisor of 18 and l.
18
Suppose 1755 = 12*q + q. 